{"id":19,"date":"2021-01-31T15:10:37","date_gmt":"2021-01-31T15:10:37","guid":{"rendered":"https:\/\/www.norbertbraun.de\/?page_id=19"},"modified":"2022-01-09T17:56:39","modified_gmt":"2022-01-09T17:56:39","slug":"photographie","status":"publish","type":"page","link":"https:\/\/www.norbertbraun.de\/?page_id=19","title":{"rendered":"Fotografie"},"content":{"rendered":"\n<div class=\"wp-block-image is-style-default\"><figure class=\"aligncenter size-large\"><img loading=\"lazy\" decoding=\"async\" width=\"1024\" height=\"273\" src=\"https:\/\/www.norbertbraun.de\/wp-content\/uploads\/2021\/02\/20090327_21-06-44_Portraitsworkshop_687-1024x273.jpg\" alt=\"\" class=\"wp-image-310\" srcset=\"https:\/\/www.norbertbraun.de\/wp-content\/uploads\/2021\/02\/20090327_21-06-44_Portraitsworkshop_687-1024x273.jpg 1024w, https:\/\/www.norbertbraun.de\/wp-content\/uploads\/2021\/02\/20090327_21-06-44_Portraitsworkshop_687-300x80.jpg 300w, https:\/\/www.norbertbraun.de\/wp-content\/uploads\/2021\/02\/20090327_21-06-44_Portraitsworkshop_687-768x205.jpg 768w, https:\/\/www.norbertbraun.de\/wp-content\/uploads\/2021\/02\/20090327_21-06-44_Portraitsworkshop_687-1536x409.jpg 1536w, https:\/\/www.norbertbraun.de\/wp-content\/uploads\/2021\/02\/20090327_21-06-44_Portraitsworkshop_687-2048x546.jpg 2048w\" sizes=\"(max-width: 1024px) 100vw, 1024px\" \/><\/figure><\/div>\n\n\n\n<pre class=\"wp-block-verse has-text-align-center\">...ein St\u00fcck Ewigkeit<\/pre>\n\n\n\n<p>Wer hat nicht schon einmal davon getr\u00e4umt, die Zeit f\u00fcr einen Augenblick anzuhalten? Einen sch\u00f6nen Augenblick hinaus zu z\u00f6gern. Manchmal liegt die Sch\u00f6nheit im Detail nicht f\u00fcr jeden sofort erkennbar und offensichtlich. Das Gesicht eines alten Mannes, gezeichnet vom Leben, \u00fcbers\u00e4t von Falten, kann f\u00fcr mich dieselbe Sch\u00f6nheit ausstrahlen wie die Augen einer Frau, umrahmt von makelloser Haut. Eine \u00c4nderung des Blickwinkels, die Variation des Bildausschnittes oder genau im richtigen Zeitpunkt den Verschlussvorhang der Kamera frei zu geben, kann eine Aufnahme wieder g\u00e4nzlich anders wirken lassen. Eine Situation, ein L\u00e4cheln, den Zauber des Augenblicks im Bruchteil einer Sekunde einzufangen und f\u00fcr andere Menschen sichtbar zu machen. Das fasziniert mich an der Fotografie. Als Motiv dient alles was meinem Auge schmeichelt und wof\u00fcr meine derzeitige Ausr\u00fcstung geeignet ist.<\/p>\n\n\n\n<figure class=\"wp-block-pullquote\"><blockquote><p>Wer glaubt, etwas zu sein, hat aufgeh\u00f6rt, etwas zu werden.<\/p><cite>Philip Rosenthal (1916 &#8211; 2001), dt. Unternehmer u. Politiker<\/cite><\/blockquote><\/figure>\n\n\n\n<div class=\"wp-block-group\"><div class=\"wp-block-group__inner-container is-layout-flow wp-block-group-is-layout-flow\">\n<div style=\"height:100px\" aria-hidden=\"true\" class=\"wp-block-spacer\"><\/div>\n\n\n\n<div class=\"wp-block-columns is-layout-flex wp-container-core-columns-is-layout-1 wp-block-columns-is-layout-flex\">\n<div class=\"wp-block-column is-layout-flow wp-block-column-is-layout-flow\">\n<h2 class=\"has-text-align-center wp-block-heading\" style=\"font-size:19px\">PORTRAITS<\/h2>\n\n\n\n<figure class=\"wp-block-image size-large\"><img loading=\"lazy\" decoding=\"async\" width=\"1024\" height=\"1024\" src=\"https:\/\/www.norbertbraun.de\/wp-content\/uploads\/2021\/02\/20090328_17-21-09_Portraitworkshop_909_1x1-1024x1024.jpg\" alt=\"\" class=\"wp-image-312\" srcset=\"https:\/\/www.norbertbraun.de\/wp-content\/uploads\/2021\/02\/20090328_17-21-09_Portraitworkshop_909_1x1-1024x1024.jpg 1024w, https:\/\/www.norbertbraun.de\/wp-content\/uploads\/2021\/02\/20090328_17-21-09_Portraitworkshop_909_1x1-300x300.jpg 300w, https:\/\/www.norbertbraun.de\/wp-content\/uploads\/2021\/02\/20090328_17-21-09_Portraitworkshop_909_1x1-150x150.jpg 150w, https:\/\/www.norbertbraun.de\/wp-content\/uploads\/2021\/02\/20090328_17-21-09_Portraitworkshop_909_1x1-768x768.jpg 768w, https:\/\/www.norbertbraun.de\/wp-content\/uploads\/2021\/02\/20090328_17-21-09_Portraitworkshop_909_1x1-1536x1536.jpg 1536w, https:\/\/www.norbertbraun.de\/wp-content\/uploads\/2021\/02\/20090328_17-21-09_Portraitworkshop_909_1x1-533x533.jpg 533w, https:\/\/www.norbertbraun.de\/wp-content\/uploads\/2021\/02\/20090328_17-21-09_Portraitworkshop_909_1x1-640x640.jpg 640w, https:\/\/www.norbertbraun.de\/wp-content\/uploads\/2021\/02\/20090328_17-21-09_Portraitworkshop_909_1x1-864x864.jpg 864w, https:\/\/www.norbertbraun.de\/wp-content\/uploads\/2021\/02\/20090328_17-21-09_Portraitworkshop_909_1x1.jpg 2000w\" sizes=\"(max-width: 1024px) 100vw, 1024px\" \/><\/figure>\n<\/div>\n\n\n\n<div class=\"wp-block-column is-layout-flow wp-block-column-is-layout-flow\">\n<h2 class=\"has-text-align-center wp-block-heading\" style=\"font-size:19px\">NATUR<span style=\"color:#000000\" class=\"tadv-color\">&amp;<\/span>TIERE<\/h2>\n\n\n\n<figure class=\"wp-block-image size-large\"><img loading=\"lazy\" decoding=\"async\" width=\"1024\" height=\"1024\" src=\"https:\/\/www.norbertbraun.de\/wp-content\/uploads\/2021\/02\/IMG_7453-1024x1024.jpg\" alt=\"\" class=\"wp-image-314\" srcset=\"https:\/\/www.norbertbraun.de\/wp-content\/uploads\/2021\/02\/IMG_7453-1024x1024.jpg 1024w, https:\/\/www.norbertbraun.de\/wp-content\/uploads\/2021\/02\/IMG_7453-300x300.jpg 300w, https:\/\/www.norbertbraun.de\/wp-content\/uploads\/2021\/02\/IMG_7453-150x150.jpg 150w, https:\/\/www.norbertbraun.de\/wp-content\/uploads\/2021\/02\/IMG_7453-768x768.jpg 768w, https:\/\/www.norbertbraun.de\/wp-content\/uploads\/2021\/02\/IMG_7453-1536x1536.jpg 1536w, https:\/\/www.norbertbraun.de\/wp-content\/uploads\/2021\/02\/IMG_7453-533x533.jpg 533w, https:\/\/www.norbertbraun.de\/wp-content\/uploads\/2021\/02\/IMG_7453-640x640.jpg 640w, https:\/\/www.norbertbraun.de\/wp-content\/uploads\/2021\/02\/IMG_7453-864x864.jpg 864w, https:\/\/www.norbertbraun.de\/wp-content\/uploads\/2021\/02\/IMG_7453.jpg 2000w\" sizes=\"(max-width: 1024px) 100vw, 1024px\" \/><\/figure>\n<\/div>\n\n\n\n<div class=\"wp-block-column is-layout-flow wp-block-column-is-layout-flow\">\n<h2 class=\"has-text-align-center wp-block-heading\" style=\"font-size:19px\">REISEN<\/h2>\n\n\n\n<figure class=\"wp-block-image size-large\"><img loading=\"lazy\" decoding=\"async\" width=\"1024\" height=\"1024\" src=\"https:\/\/www.norbertbraun.de\/wp-content\/uploads\/2021\/02\/IMG_6447-1024x1024.jpg\" alt=\"\" class=\"wp-image-315\" srcset=\"https:\/\/www.norbertbraun.de\/wp-content\/uploads\/2021\/02\/IMG_6447-1024x1024.jpg 1024w, https:\/\/www.norbertbraun.de\/wp-content\/uploads\/2021\/02\/IMG_6447-300x300.jpg 300w, https:\/\/www.norbertbraun.de\/wp-content\/uploads\/2021\/02\/IMG_6447-150x150.jpg 150w, https:\/\/www.norbertbraun.de\/wp-content\/uploads\/2021\/02\/IMG_6447-768x768.jpg 768w, https:\/\/www.norbertbraun.de\/wp-content\/uploads\/2021\/02\/IMG_6447-1536x1536.jpg 1536w, https:\/\/www.norbertbraun.de\/wp-content\/uploads\/2021\/02\/IMG_6447-2048x2048.jpg 2048w, https:\/\/www.norbertbraun.de\/wp-content\/uploads\/2021\/02\/IMG_6447-533x533.jpg 533w, https:\/\/www.norbertbraun.de\/wp-content\/uploads\/2021\/02\/IMG_6447-640x640.jpg 640w, https:\/\/www.norbertbraun.de\/wp-content\/uploads\/2021\/02\/IMG_6447-864x864.jpg 864w\" sizes=\"(max-width: 1024px) 100vw, 1024px\" \/><\/figure>\n<\/div>\n<\/div>\n<\/div><\/div>\n\n\n\n<div class=\"wp-block-columns is-layout-flex wp-container-core-columns-is-layout-2 wp-block-columns-is-layout-flex\">\n<div class=\"wp-block-column is-layout-flow wp-block-column-is-layout-flow\">\n<h2 class=\"has-text-align-center wp-block-heading\" style=\"font-size:19px\">FEUERWEHR<\/h2>\n\n\n\n<figure class=\"wp-block-image size-large\"><img loading=\"lazy\" decoding=\"async\" width=\"1024\" height=\"1024\" src=\"https:\/\/www.norbertbraun.de\/wp-content\/uploads\/2021\/02\/AS_Container_086_1x1-1024x1024.jpg\" alt=\"\" class=\"wp-image-299\" srcset=\"https:\/\/www.norbertbraun.de\/wp-content\/uploads\/2021\/02\/AS_Container_086_1x1-1024x1024.jpg 1024w, https:\/\/www.norbertbraun.de\/wp-content\/uploads\/2021\/02\/AS_Container_086_1x1-300x300.jpg 300w, https:\/\/www.norbertbraun.de\/wp-content\/uploads\/2021\/02\/AS_Container_086_1x1-150x150.jpg 150w, https:\/\/www.norbertbraun.de\/wp-content\/uploads\/2021\/02\/AS_Container_086_1x1-768x768.jpg 768w, https:\/\/www.norbertbraun.de\/wp-content\/uploads\/2021\/02\/AS_Container_086_1x1-1536x1536.jpg 1536w, https:\/\/www.norbertbraun.de\/wp-content\/uploads\/2021\/02\/AS_Container_086_1x1-2048x2048.jpg 2048w, https:\/\/www.norbertbraun.de\/wp-content\/uploads\/2021\/02\/AS_Container_086_1x1-533x533.jpg 533w, https:\/\/www.norbertbraun.de\/wp-content\/uploads\/2021\/02\/AS_Container_086_1x1-640x640.jpg 640w, https:\/\/www.norbertbraun.de\/wp-content\/uploads\/2021\/02\/AS_Container_086_1x1-864x864.jpg 864w\" sizes=\"(max-width: 1024px) 100vw, 1024px\" \/><\/figure>\n<\/div>\n\n\n\n<div class=\"wp-block-column is-layout-flow wp-block-column-is-layout-flow\">\n<h2 class=\"has-text-align-center wp-block-heading\" style=\"font-size:19px\"><a href=\"https:\/\/www.norbertbraun.de\/?page_id=547\" data-type=\"page\" data-id=\"547\">VOGELPERSPEKTIVE<\/a><\/h2>\n\n\n\n<figure class=\"wp-block-image size-large\"><a href=\"https:\/\/www.norbertbraun.de\/?page_id=547\"><img loading=\"lazy\" decoding=\"async\" width=\"1024\" height=\"1024\" src=\"https:\/\/www.norbertbraun.de\/wp-content\/uploads\/2021\/02\/20181229_15-21-39_Lanzarote_0265_1x1-1-1024x1024.jpg\" alt=\"\" class=\"wp-image-296\" srcset=\"https:\/\/www.norbertbraun.de\/wp-content\/uploads\/2021\/02\/20181229_15-21-39_Lanzarote_0265_1x1-1-1024x1024.jpg 1024w, https:\/\/www.norbertbraun.de\/wp-content\/uploads\/2021\/02\/20181229_15-21-39_Lanzarote_0265_1x1-1-300x300.jpg 300w, https:\/\/www.norbertbraun.de\/wp-content\/uploads\/2021\/02\/20181229_15-21-39_Lanzarote_0265_1x1-1-150x150.jpg 150w, https:\/\/www.norbertbraun.de\/wp-content\/uploads\/2021\/02\/20181229_15-21-39_Lanzarote_0265_1x1-1-768x768.jpg 768w, https:\/\/www.norbertbraun.de\/wp-content\/uploads\/2021\/02\/20181229_15-21-39_Lanzarote_0265_1x1-1-1536x1536.jpg 1536w, https:\/\/www.norbertbraun.de\/wp-content\/uploads\/2021\/02\/20181229_15-21-39_Lanzarote_0265_1x1-1-533x533.jpg 533w, https:\/\/www.norbertbraun.de\/wp-content\/uploads\/2021\/02\/20181229_15-21-39_Lanzarote_0265_1x1-1-640x640.jpg 640w, https:\/\/www.norbertbraun.de\/wp-content\/uploads\/2021\/02\/20181229_15-21-39_Lanzarote_0265_1x1-1-864x864.jpg 864w, https:\/\/www.norbertbraun.de\/wp-content\/uploads\/2021\/02\/20181229_15-21-39_Lanzarote_0265_1x1-1.jpg 2000w\" sizes=\"(max-width: 1024px) 100vw, 1024px\" \/><\/a><\/figure>\n\n\n\n<p><\/p>\n<\/div>\n\n\n\n<div class=\"wp-block-column is-layout-flow wp-block-column-is-layout-flow\">\n<h2 class=\"has-text-align-center wp-block-heading\" style=\"font-size:19px\">DIES<span style=\"color:#000000\" class=\"tadv-color\">&amp;<\/span>DAS<\/h2>\n\n\n\n<figure class=\"wp-block-image size-large\"><img loading=\"lazy\" decoding=\"async\" width=\"1024\" height=\"1024\" src=\"https:\/\/www.norbertbraun.de\/wp-content\/uploads\/2021\/02\/20081005_Radtour_FN_0014_x-1024x1024.jpg\" alt=\"\" class=\"wp-image-316\" srcset=\"https:\/\/www.norbertbraun.de\/wp-content\/uploads\/2021\/02\/20081005_Radtour_FN_0014_x-1024x1024.jpg 1024w, https:\/\/www.norbertbraun.de\/wp-content\/uploads\/2021\/02\/20081005_Radtour_FN_0014_x-300x300.jpg 300w, https:\/\/www.norbertbraun.de\/wp-content\/uploads\/2021\/02\/20081005_Radtour_FN_0014_x-150x150.jpg 150w, https:\/\/www.norbertbraun.de\/wp-content\/uploads\/2021\/02\/20081005_Radtour_FN_0014_x-768x768.jpg 768w, https:\/\/www.norbertbraun.de\/wp-content\/uploads\/2021\/02\/20081005_Radtour_FN_0014_x-1536x1536.jpg 1536w, https:\/\/www.norbertbraun.de\/wp-content\/uploads\/2021\/02\/20081005_Radtour_FN_0014_x-533x533.jpg 533w, https:\/\/www.norbertbraun.de\/wp-content\/uploads\/2021\/02\/20081005_Radtour_FN_0014_x-640x640.jpg 640w, https:\/\/www.norbertbraun.de\/wp-content\/uploads\/2021\/02\/20081005_Radtour_FN_0014_x-864x864.jpg 864w, https:\/\/www.norbertbraun.de\/wp-content\/uploads\/2021\/02\/20081005_Radtour_FN_0014_x.jpg 1852w\" sizes=\"(max-width: 1024px) 100vw, 1024px\" \/><\/figure>\n<\/div>\n<\/div>\n\n\n\n<figure class=\"wp-block-pullquote\"><blockquote><p>Wer sehen kann, kann auch fotografieren. <\/p><p>Sehen lernen kann allerdings lange dauern.<\/p><cite>Leica<\/cite><\/blockquote><\/figure>\n\n\n\n<p><strong>Instagram:<\/strong><\/p>\n\n\n\n<div class=\"wp-block-columns is-layout-flex wp-container-core-columns-is-layout-3 wp-block-columns-is-layout-flex\">\n<div class=\"wp-block-column is-layout-flow wp-block-column-is-layout-flow\" style=\"flex-basis:100%\">\n<div class=\"wp-block-group\"><div class=\"wp-block-group__inner-container is-layout-flow wp-block-group-is-layout-flow\"><p class=\"cifgw-error\">Error validating application<\/p><\/div><\/div>\n<\/div>\n<\/div>\n\n\n\n<p><\/p>\n","protected":false},"excerpt":{"rendered":"<p>&#8230;ein St\u00fcck Ewigkeit Wer hat nicht schon einmal davon getr\u00e4umt, die Zeit f\u00fcr einen Augenblick anzuhalten? Einen sch\u00f6nen Augenblick hinaus zu z\u00f6gern. Manchmal liegt die Sch\u00f6nheit im Detail nicht f\u00fcr jeden sofort erkennbar und offensichtlich. Das Gesicht eines alten Mannes, gezeichnet vom Leben, \u00fcbers\u00e4t von &hellip; <a href=\"https:\/\/www.norbertbraun.de\/?page_id=19\" class=\"more-link\"><span>Continue reading<span class=\"screen-reader-text\">Fotografie<\/span><\/span><\/a><\/p>\n","protected":false},"author":1,"featured_media":0,"parent":108,"menu_order":0,"comment_status":"closed","ping_status":"closed","template":"","meta":{"ngg_post_thumbnail":0,"footnotes":""},"class_list":["post-19","page","type-page","status-publish","hentry"],"_links":{"self":[{"href":"https:\/\/www.norbertbraun.de\/index.php?rest_route=\/wp\/v2\/pages\/19"}],"collection":[{"href":"https:\/\/www.norbertbraun.de\/index.php?rest_route=\/wp\/v2\/pages"}],"about":[{"href":"https:\/\/www.norbertbraun.de\/index.php?rest_route=\/wp\/v2\/types\/page"}],"author":[{"embeddable":true,"href":"https:\/\/www.norbertbraun.de\/index.php?rest_route=\/wp\/v2\/users\/1"}],"replies":[{"embeddable":true,"href":"https:\/\/www.norbertbraun.de\/index.php?rest_route=%2Fwp%2Fv2%2Fcomments&post=19"}],"version-history":[{"count":0,"href":"https:\/\/www.norbertbraun.de\/index.php?rest_route=\/wp\/v2\/pages\/19\/revisions"}],"up":[{"embeddable":true,"href":"https:\/\/www.norbertbraun.de\/index.php?rest_route=\/wp\/v2\/pages\/108"}],"wp:attachment":[{"href":"https:\/\/www.norbertbraun.de\/index.php?rest_route=%2Fwp%2Fv2%2Fmedia&parent=19"}],"curies":[{"name":"wp","href":"https:\/\/api.w.org\/{rel}","templated":true}]}}